
Suppose 0*c = -3*c + 126. What is the tens digit of c?
4
What is the tens digit of (4 - (-28)/(-8))*380?
9
Suppose -2*g + 12 + 14 = 4*i, 4*g = -3*i + 57. Let u = g + 1. Let n = u - 6. What is the tens digit of n?
1
Suppose 0 = -4*a + 3*o + 223, -2*o + 70 = a + 2*o. What is the tens digit of a?
5
Suppose -w + 721 = 5*n - 0*w, -2*n = -2*w - 298. What is the units digit of n?
5
Suppose 0*f = 5*f + 15. Let k be (-1)/(-5) + f/15. Suppose k*i + 8 = i. What is the units digit of i?
8
Let t(a) = -4*a. Let r be t(-5). Let z = r - 10. What is the units digit of z?
0
Suppose 3*t + 79 = -4*c + 223, 124 = 4*c - 2*t. What is the units digit of c?
3
Let g(k) = -k**3 + 7*k**2 - 4*k + 2. Let l(b) = -2*b**3 + 15*b**2 - 9*b + 5. Let f(d) = -9*g(d) + 4*l(d). What is the units digit of f(3)?
2
Let p be ((-7)/(-21))/((-2)/6). What is the tens digit of (1/p)/((-16)/192)?
1
Suppose -81 - 55 = -4*b. Let w = b + 10. Suppose 6*a = 10*a - w. What is the tens digit of a?
1
Suppose 2*k - 7*k = -r + 2, 0 = 3*k. Let s be r/(4/17)*10. Suppose -s = -0*j - 5*j. What is the tens digit of j?
1
Suppose -7*o + 8*o = 0. Suppose o = 3*h + 6 - 48. What is the tens digit of h?
1
Let z(h) = -2*h + 2. Let s be 47/(-7) - (-2)/(-7). Let l = s + 4. What is the units digit of z(l)?
8
Let j(y) = -y**3 - 6*y**2 + 2*y + 4. What is the units digit of j(-7)?
9
Let l = 106 - 72. Suppose -4*q + l - 14 = 5*a, 0 = -2*q + 5*a - 20. Suppose q = -2*r + r + 22. What is the tens digit of r?
2
Let m(l) be the first derivative of l**3/3 - 9*l**2/2 + 11*l - 2. Suppose z + 2*z = 24. What is the units digit of m(z)?
3
Suppose -k = -178 + 15. What is the units digit of k?
3
Let z(g) be the first derivative of g**4/4 + 7*g**3/3 + 3*g**2 - 3*g - 4. What is the tens digit of z(-5)?
1
Let j(y) = -y + 11. Let x be j(9). Suppose -x*b = -5*v + 24, 3*v + b = -v + 27. Suppose 2*w - 5*w + v = 0. What is the units digit of w?
2
Suppose -3*m + 5 = 4*l, -2*l - 3*l = -3*m + 14. Let c = m - 3. Let j = c + 5. What is the units digit of j?
5
Let o = -7 - -12. Let m(s) = s**2 - 5*s + 2. What is the units digit of m(o)?
2
Suppose 0*v + 39 = 3*r + 3*v, 3*r - 44 = -2*v. Suppose -r = -g - 2*g. Suppose 6 = 3*p - g. What is the units digit of p?
4
Let w be (4/(-5))/((-2)/5). Suppose -5*c + c - 49 = -3*f, -14 = -2*f - w*c. What is the units digit of f?
1
Let m(o) = -o**3 - 14*o**2 - 15*o + 7. Let a be m(-13). Let k = a + -23. What is the units digit of k?
0
Let w = 88 - -15. What is the tens digit of w?
0
Let k(t) = -t**2. Let p(c) = -c**2 - 6*c + 6. Let r(d) = -2*k(d) + p(d). Let z be r(5). Suppose z + 1 = a. What is the units digit of a?
2
Let b(m) = 2*m - 1. What is the units digit of b(2)?
3
Suppose c + 5*d + 85 - 222 = 0, -2*d + 593 = 5*c. What is the hundreds digit of c?
1
Let b(z) = -z**2 - 16*z + 3. Let s be b(-13). Suppose 2*f + s = 3*f. What is the tens digit of f?
4
Let b be (-20)/(-25)*10/4. Let k = 2 - b. Suppose k = m, -14 = -4*g + 2*m + 18. What is the units digit of g?
8
Let t be (-5)/((-15)/6) - -1. Suppose -t*a = -5*a + 16. What is the units digit of a?
8
Let n(f) = -134*f - 13. What is the units digit of n(-2)?
5
Let c = -26 + 61. What is the units digit of c?
5
Let u = 166 + -96. What is the units digit of u?
0
Let d(w) = 3*w**2 + 3*w - 1. Let u = 1 - 4. Let j be d(u). Suppose -j = -3*s + 7. What is the units digit of s?
8
Let r(m) = -3*m + 14. Let g = 17 - 24. What is the units digit of r(g)?
5
Suppose 6 + 2 = c. What is the units digit of (0 + 2)*(c + -4)?
8
Let k(m) = m + 1. Let b be k(-1). Let z(a) be the third derivative of -a**5/60 + 4*a**3/3 - a**2. What is the units digit of z(b)?
8
Let f(i) be the third derivative of 0*i + 1/60*i**5 + 0 - i**2 - 1/24*i**4 + 1/6*i**3. What is the units digit of f(4)?
3
Let p = 73 - 32. What is the units digit of p?
1
Let l(p) be the second derivative of -3*p + 0 + 2*p**2 + 1/6*p**3. What is the units digit of l(7)?
1
Suppose -30 = -3*a - 5*x + 2, 0 = -5*a + 5*x. Suppose g - 5*f = -g + 32, -a*g + 4*f + 64 = 0. What is the units digit of g?
6
Let a(j) = j**3 + 12*j**2 + 16*j + 14. Let g be a(-10). Suppose 4*q = q + g. Let h = q + -11. What is the units digit of h?
7
Let j(g) = 2*g**2 - 11*g - 20. What is the tens digit of j(12)?
3
Suppose 1 = 2*y - 5. Suppose -2*i + 47 = y*x, -i + 100 = 3*i + 4*x. Suppose 2*r - i = -2*k - k, -3*r = k - 49. What is the tens digit of r?
1
Suppose -6*i = -0*i - 546. What is the tens digit of i?
9
Let a(y) = y + 3. Let v be a(-3). Suppose 4*o - 12 = -v. What is the units digit of o?
3
Let m be (0 + 82)/(1/2). Suppose 5*h + 42 = 3*w + m, 3*h - 80 = -5*w. What is the units digit of h?
5
Suppose 5*i = 0, 4*i = 4*t + 2*i - 8. Let r = 10 + -14. What is the units digit of (-20)/r - t/2?
4
What is the units digit of -218*(4/(-6) - (-2)/12)?
9
Suppose -9 = -4*h + 19. Let w = h + -2. What is the units digit of w?
5
Let p(l) = l**3 - 9*l**2 - 9*l + 11. Let i be p(10). Suppose -4*n + 7*n = i. What is the units digit of n?
7
Let q be (-4 - 0)*(2 - 3). Let b be (-8)/(-10)*30/q. Suppose 5*y + 1 - b = 0. What is the units digit of y?
1
Let c(o) be the second derivative of -o**3/6 + 3*o**2/2 - 2*o. Let j be c(2). Suppose -6 = -2*q, j - 3 = -p + q. What is the units digit of p?
5
Let a be (2*-1)/(-2) - -33. Suppose -3*r - 40 = -5*r. Let m = a - r. What is the units digit of m?
4
Let z(b) = 1. Let t(d) = 2*d - 4. Let c(q) = t(q) + 3*z(q). What is the tens digit of c(6)?
1
Let g(v) = v**3 + 3*v**2 + v + 4. Let r be g(-3). Suppose -o + 3 + r = 0. Suppose 19 + 5 = o*b. What is the units digit of b?
6
Let u be 1/(1/(-1))*-5. Suppose 0 = u*w + 5*l - 75, 72 - 12 = 4*w - l. What is the tens digit of w?
1
Let s(y) = y**2 - 2*y. Suppose 9 = -t + 6. What is the units digit of s(t)?
5
Let t be (0/(-3))/((-4)/(-2)). Suppose t = 3*d + q - 14, 5*d - d = q + 14. Suppose o - 7 = -d. What is the units digit of o?
3
Let i(g) = g**2 - 9*g + 35. What is the hundreds digit of i(16)?
1
Suppose -3*c = -9, 7*c - 5*c = -d + 19. Let l = d + -23. Let j = l + 14. What is the units digit of j?
4
Let i(y) = -y**3 - 2*y + 1. Let j be i(2). Let h = j + 3. What is the units digit of (-1)/2 - 28/h?
3
Let y(l) = l**2 + 19*l - 41. What is the hundreds digit of y(12)?
3
Let n = -31 + 79. What is the units digit of n?
8
Let l(u) = u**2 + 12*u - 4. Let t be l(-13). Suppose t = -4*p + 13. What is the units digit of p?
1
Let r = 97 - -74. What is the tens digit of r?
7
Suppose -2*p - 1089 = -11*p. What is the tens digit of p?
2
Let u = 91 - 51. Let j = u - 14. What is the tens digit of j?
2
Suppose -398 = -r - r + x, 0 = -2*r + 3*x + 398. What is the units digit of r?
9
Let h be ((-3)/(-6))/((-3)/(-12)). Let s = 10 + h. What is the units digit of s?
2
Suppose -2*f + 671 = -3*l, -3*f + f + 631 = 5*l. What is the tens digit of f?
2
Let v(q) = -q**3 - 3*q**2 - 3*q - 4. Let h(t) = t**2 + 4*t + 3. Let c be h(-3). Let g be c + (-2 - 1 - 0). What is the units digit of v(g)?
5
Let u(j) = 3*j**3 - 4*j**2 + 2*j. Let w be u(3). Suppose -64 = -5*o + w. What is the tens digit of o?
2
Let w(v) = -v**3 + 4*v**2 + 2. What is the units digit of w(4)?
2
What is the units digit of (-105)/2*(-12)/15?
2
Let u = -501 - -762. What is the hundreds digit of u?
2
Let f(d) = -18*d**3 - d**2 + d + 1. What is the tens digit of f(-1)?
1
Suppose 0 = 3*i - 2*i + n - 172, -4*i + 5*n = -715. What is the hundreds digit of i?
1
Suppose -r = -2*n + 59, -n - 2 = -0*n. Let d = r - -92. What is the units digit of d?
9
Let p(g) = g**3 - g**2 - 9. What is the units digit of p(5)?
1
Let z = 5 + -4. What is the units digit of 3 - -3 - 2*z?
4
Let r(q) = 3*q + 1. Let v be r(2). Let u = v + -5. What is the units digit of u?
2
Suppose -48 = 2*b - 3*b. Let m = -24 + b. What is the units digit of m?
4
Let a = -18 + -6. Let r = a + 41. What is the units digit of r?
7
What is the units digit of (-50)/40*28/(-10)*2?
7
Let f = 1 + 1. Suppose 2 + 8 = 3*h + f*t, 4 = 3*h - t. What is the units digit of h?
2
Suppose -2*i + 21 + 79 = 0. Let h = i - 32. What is the tens digit of h?
1
Suppose -4*m + 3*d = d - 18, 4*d + 1 = m. Suppose m*g + o - 3*o = 75, o = 5*g - 75. What is the units digit of g?
5
Let d(l) be the first derivative of l**2/2 - 4*l - 2. Suppose -g + 1 + 9 = 0. What is the units digit of d(g)?
6
Suppose -3*v - 66 = -5*l, -3*v - 2*v = -3*l + 46. 